nder when 89 is divided by w.
9
Let w = -131 + 441. What is the remainder when w is divided by 9?
4
Let b(r) = 223*r**2 - 14*r - 13. Calculate the remainder when b(-1) is divided by 19.
15
Let q(r) = r**3 - 4*r**2 + 2*r - 42. Calculate the remainder when 117 is divided by q(6).
33
Let z = 76 + 312. Calculate the remainder when z is divided by 17.
14
Suppose 0 = -4*a + 4, 0*q + 2*a = 2*q - 574. Calculate the remainder when q is divided by 29.
27
Let t be 21 + 2/(6/(-3)). Suppose -g = -0*g - t. What is the remainder when g is divided by (4/(-2))/(1/(-4))?
4
Suppose 141 = 5*h - r - 132, -h = -5*r - 45. Calculate the remainder when 122 is divided by h.
12
Suppose 70 = 2*b + 4*l, -2*l - 25 = -4*b + 75. Calculate the remainder when 93 is divided by b.
12
Let b(v) = -43*v - 11. Calculate the remainder when 221 is divided by b(-2).
71
Let z be 4/(-6) - (-220)/6. Suppose -3*y = -4*q - 0*y + 23, q = y + 7. Calculate the remainder when 21 is divided by (6/9)/(q/z).
9
Let z be (-1)/4 - (-226)/8. Suppose 9 = -x + z. Suppose x = k - 4. What is the remainder when 89 is divided by k?
20
Let g(w) = 2*w**2 - 4. Let j be g(-2). Suppose 3*d = j*d - 12. Calculate the remainder when d is divided by 5.
2
Let w(b) = 2*b + 75. What is the remainder when w(12) is divided by 25?
24
Let n = -114 - -201. What is the remainder when 867 is divided by n?
84
Suppose 3*k = -2*r + 7*k + 328, -k - 492 = -3*r. Calculate the remainder when r is divided by 38.
12
Suppose -2*g + 111 = -5*d, 4*g - 28 - 218 = 2*d. Suppose 5*t + 3*i = 5 + 101, -3*t = 2*i - g. What is the remainder when t is divided by 8?
7
Let p(h) = h**2 - 6*h + 6. Let m be p(3). Let a = -6 + m. Let c = a - -35. Calculate the remainder when 76 is divided by c.
24
Let b(s) = 17*s**2 + 7*s + 14. Let c be b(-2). What is the remainder when 117 is divided by 2046/51 + ((-16)/c)/2?
37
Let r(m) = -m**2 + m + 6. Calculate the remainder when 53 is divided by r(2).
1
Let a(b) = 10*b + 13. Let l be a(-8). Let w = -53 - l. What is the remainder when 24 is divided by w?
10
Suppose 2*f + 71 - 267 = 0. What is the remainder when f is divided by 52?
46
Let f(u) = 4*u**2 + 21*u + 12. What is the remainder when f(-7) is divided by 18?
7
Suppose -167 = -7*m + 281. Let d = -51 + m. Calculate the remainder when d is divided by 7.
6
Let y = 2 + -4. Let x = 124 + -109. Calculate the remainder when 160/6 - y/6 is divided by x.
12
Let s be (-8)/20 + ((-847)/(-5) - 0). Let a = s + -163. What is the remainder when a is divided by 4?
2
Suppose -8*o + 2754 = 2*o + 2684. Suppose -3*u + 4*u - 127 = -5*t, -t + 29 = 2*u. Suppose 9*v = 4*v + t. What is the remainder when o is divided by v?
2
Let d(g) = g**3 + 43*g**2 - 47*g - 107. What is the remainder when ((-12)/(-4))/((-3)/(-64)) is divided by d(-44)?
14
Suppose 24 = r - 5*a, -21 - 21 = -5*r - a. Suppose -r*o = -2*o - 707. Calculate the remainder when o is divided by 35.
31
Let x(z) = -z**3 + 20*z**2 - 73*z - 27. What is the remainder when 46 is divided by x(15)?
1
Let f(a) = -a**3 + 8*a**2 - 9*a + 4. Let w be f(6). Let y = w - 14. Calculate the remainder when (-1 - (0 - 2))*14 is divided by y.
6
Let z be 2/(-4)*2*-3. Let o be -1*((-9)/(-3) - z). Suppose -3*b + 5*b - 48 = o. What is the remainder when 45 is divided by b?
21
Calculate the remainder when 34 is divided by (3 - (1 + 4))/((-72)/108).
1
Suppose -o = r - 36, 4*o - 116 = -2*r + 22. Calculate the remainder when 921 is divided by o.
30
Suppose 6*s - 535 = s. What is the remainder when s is divided by 442/20 - (-13)/(-130)?
19
Suppose -2*h + 143 = 9*h. Let k(l) = -l**2 + 20*l - 8. What is the remainder when k(h) is divided by 14?
13
Suppose 0 = 5*l - 0*l. Let h(w) = -w**2 + 10*w - 3. What is the remainder when h(4) is divided by 11*(2 + -1 + l)?
10
Let c be 4/3 + 100/15. Suppose -4*z = -g + 10, g = -3*g + 4*z + 28. Calculate the remainder when (5 - 3)/(1/c) is divided by g.
4
Suppose -89*m = -107*m + 20700. Calculate the remainder when m is divided by 15.
10
Suppose -44*y + 1944 = -8*y. What is the remainder when y is divided by -1 - -1 - (1 - 12)?
10
Suppose -2*l + 6*t = 10*t - 176, 4*l - 322 = 2*t. What is the remainder when l is divided by 27?
1
Let u(d) = -d + 5. What is the remainder when ((-3)/6)/(6/(-1236)) is divided by u(-8)?
12
What is the remainder when 337 is divided by (-2)/(-14) + 5 + 340/70?
7
Let p(y) = -2*y**2 + 17*y + 18. Calculate the remainder when p(8) is divided by 5.
1
Let k = 200 - 134. Suppose -90 = 118*q - 123*q. Calculate the remainder when k is divided by q.
12
Suppose 3*x + 284 = 7*x + 4*c, 2*x - c - 130 = 0. Let p = x + -25. Suppose 5*o = -0*o + 110. What is the remainder when p is divided by o?
20
Suppose 0 = -2*l + 6*l + 4*t - 92, 92 = 4*l - 3*t. Calculate the remainder when 84 is divided by l.
15
Suppose 0 = -0*h + 11*h. Suppose h = 2*r - 10*r + 1064. What is the remainder when r is divided by 45?
43
Let u(d) be the first derivative of 2*d - 4 + d**2 + 1/3*d**3. Calculate the remainder when u(-6) is divided by 7.
5
Suppose -5*x - 31 + 183 = 3*i, 4*x = 5*i + 129. What is the remainder when x is divided by 9?
4
Suppose 4*v + c + 0*c - 58 = 0, v + 4*c - 7 = 0. Let o(h) = -6*h - 9. Let m be o(2). Let x = m + 24. Calculate the remainder when v is divided by x.
0
Suppose 3*p = -333 - 405. Let c = -134 - p. What is the remainder when c is divided by 23?
20
Suppose 9*f - 13*f + 72 = 0. Suppose 5*p - f = 27. Calculate the remainder when 15 is divided by p.
6
Suppose -s + 12 = 3*s. Suppose 0 = -s*b - 56 + 290. What is the remainder when b is divided by 40?
38
Let p = 114 - 50. Calculate the remainder when 445 is divided by p.
61
Suppose -2*i = -i + 5, 28 = 2*l + 2*i. What is the remainder when 106 is divided by l?
11
Let l = 248 + -152. Calculate the remainder when l is divided by 34.
28
Let b = -17 + 28. Suppose -g + 2*g = 78. Suppose g - 273 = -5*n. What is the remainder when n is divided by b?
6
Let s(b) = -2*b**2 + 18*b - 15. Suppose 21 = 43*n - 40*n. Calculate the remainder when 50 is divided by s(n).
11
Suppose t + 6 = 2*j + 21, -2*t + 5*j = -34. Calculate the remainder when -4 + 3 + 0 + 74 is divided by 0 - (-6)/(-21) - (-135)/t.
16
Calculate the remainder when 29 is divided by (-56)/(-5) - 9/45.
7
Suppose 13*b + 6*b - 779 = 0. Calculate the remainder when b is divided by 18.
5
Let o(q) = q**3 + 7*q**2 + 13*q + 3. Let s be o(-3). Suppose s*c + 11*c = 583. Calculate the remainder when c is divided by 11.
9
Calculate the remainder when 30/35 - 822/(-21) is divided by 23.
17
Let c = -25 - -29. Calculate the remainder when 54 is divided by 8/(-6)*(-9)/c + 19.
10
Calculate the remainder when -2*(-524)/(-8)*-3 is divided by 33.
30
Let j = -142 + 294. Suppose 3*b - 66 = -3*u, b + 2*u + 27 - 49 = 0. Calculate the remainder when j is divided by b.
20
Let f = 21 - 6. Let p = 2 + f. What is the remainder when 64 is divided by p?
13
Let v be (-2)/(-1 - (-9)/15). Suppose 3*c + v*b - 17 = 0, -2*b = 3*c - c - 10. Suppose -u + 7 = 1. What is the remainder when u is divided by c?
2
Let g(x) = x**2 + 2*x + 15. What is the remainder when g(-5) is divided by 16?
14
Suppose 2*y - 24 = y. What is the remainder when 80 is divided by y?
8
Suppose 29*v - 278 = 186. Let d(t) = t**3 + 7*t**2 + t - 1. Let a be (-2)/(24/(-15) - -2). What is the remainder when d(a) is divided by v?
12
Calculate the remainder when 53 is divided by 1/(1*(-6)/44)*-3.
9
Let t = -68 - -131. What is the remainder when t is divided by 13?
11
Let a = -16 + 19. Suppose 0 = 2*j - 0*j - 5*t - 43, -a*j + 52 = -5*t. Calculate the remainder when 44 is divided by j.
8
Let a = 2 + -23. Let m = -15 - a. What is the remainder when 16 is divided by m?
4
Suppose 0*d + 4*d = 248. Suppose 0 = 2*f - 20*f + 180. Suppose -a + f = 3*r, -5*a + 3*r = -51 - 17. What is the remainder when d is divided by a?
10
Suppose 5*i = -10, 4*i - 4 + 40 = -z. Let u(t) = t**3 - 3*t**2 - 5*t. Calculate the remainder when u(5) is divided by (z/12)/((-4)/12).
4
Suppose -283 = 2*z + a, 5*z + 943 - 252 = 3*a. Suppose 0*b + 5*b = 30. What is the remainder when ((-3)/5)/(4/z) is divided by b?
3
What is the remainder when (-30888)/180*(-20)/6 is divided by 20?
12
Let b be -3 + (-1)/(-2 - -1). Let r(d) = -62 - 8*d + 59 + d. Calculate the remainder when r(b) is divided by 4.
3
Suppose l - 20 = -3*l. Suppos